 21 = 59*r. Calculate the highest common factor of 93 and r.
3
Let i(a) be the second derivative of 0 + 4*a**2 + 0*a**4 + 5/6*a**3 - 3/20*a**5 + 2*a. Let z be i(-4). What is the greatest common factor of z and 18?
18
Let u be (-200)/(-15)*(-9)/(-12). Let d be 3 - 3/(-9)*-3. Let o be (-892)/(-8) - 3/d. What is the greatest common factor of u and o?
10
Suppose 0 = 3*r + 57*i - 61*i - 166, -52 = -r + 3*i. What is the highest common factor of 16 and r?
2
Let l(a) = 3*a**2 - 4*a - 57. Let o be l(7). What is the highest common divisor of o and 124?
62
Suppose -5*f + 7*i = 4*i - 114, -5*f - 2*i = -124. What is the greatest common divisor of f and 40?
8
Let f(i) = 278*i**3 + 3*i**2 - 8*i + 6. Let v be f(1). Calculate the greatest common divisor of v and 9.
9
Suppose 18*c - 115 = 13*c. Suppose 31*d = c*d + 1288. Calculate the highest common factor of d and 23.
23
Let g = -333 + 423. What is the greatest common divisor of g and 90?
90
Let m(a) = -8*a**2 + 2*a + 1. Let v be m(-1). Let q be (-2 + (-12)/v)*-72. Let h be 4/(-10) - (-252)/30. Calculate the greatest common divisor of h and q.
8
Let f be -1*(-2)/(-2) - 585/(-9). Suppose 47*k - 45*k - f = 0. Calculate the highest common divisor of k and 352.
32
Let c be (1/2)/((-6)/(-84)). Suppose -6*t = -c*t + 8. What is the greatest common factor of 16 and t?
8
Suppose -21 = -4*q - 5. Suppose 3*m + 0*m = -6, -4*j + 5*m = -18. Suppose 2*b - 66 = -5*l, 0*l - 30 = -j*l - 2*b. What is the highest common divisor of l and q?
4
Let w be (180/(-14))/((-42)/196). Calculate the highest common divisor of 96 and w.
12
Let b = -13 - -15. Let o(w) = w**2 - 10*w + 5. Let f be o(10). Suppose -3*t - t - 4 = 3*g, f*t + 3*g = -2. What is the greatest common divisor of t and b?
2
Suppose -48 = -28*z + 1464. What is the greatest common divisor of z and 126?
18
Let n = 1887 - 1122. What is the greatest common factor of n and 45?
45
Let m(q) = 19*q**3 + 1. Let j be m(1). Let b = -24 - -27. Suppose -b*z + 4*s + 22 = 0, 0 = -3*z + 2*s + 14. What is the greatest common factor of z and j?
2
Let n = 56 - -25. Suppose -3*g + 8 = -7. Suppose u + 49 = 5*p, 3*u + 2*u = g*p - 65. What is the highest common divisor of p and n?
9
Let v be 38/(-95) - (-24)/10. Let x be (20/(-15))/(v/(-9)). Let y be 167 + (x - (-8)/(-4)). Calculate the greatest common factor of y and 19.
19
Let n be 96/15 + (7/(-5) - -1). What is the highest common factor of n and 186?
6
Let k be (-185)/222 + 3125/6. What is the highest common divisor of 120 and k?
40
Let v be 3 + 25/1 + 6 + -5. What is the greatest common divisor of 261 and v?
29
Let o = -37 - -47. Let u(w) = -w**3 + 11*w**2 - 5*w - 20. Let x be u(o). Let m(q) = -4*q - 4. Let f be m(-4). Calculate the highest common factor of x and f.
6
Suppose 3*u - 92 = -4*h - u, -4*u = 5*h - 113. Suppose -5*z + 3*o + 7 = -6*z, o = -5*z + h. Calculate the highest common factor of 55 and z.
5
Suppose -43*o + 42*o = -12. What is the highest common divisor of 48 and o?
12
Let s be 2/(-9) + 32/(-18). Let q(p) = 16*p**2. Let n be q(s). What is the highest common factor of n and 8?
8
Let a be -1*(-1)/(1/6). Suppose 3*l + 6 = z, -2*z + z = 4*l - 13. What is the highest common divisor of z and a?
3
Let x = 47 + -3. Suppose 103 + 73 = 16*o. What is the greatest common divisor of o and x?
11
Let x be (-764)/12 - (-4)/(-12). Let i be -5*(2 - (3 - x)). Suppose 5 = -4*p + 25, 2*f = -3*p + i. What is the greatest common divisor of f and 62?
31
Let z = -415 - -635. Calculate the highest common factor of 20 and z.
20
Suppose 0 = 4*q - 0*q + 4*d + 84, -q = 3*d + 27. Let w = -164 - -162. Let n be (-2)/w - (q - 3). Calculate the highest common divisor of n and 198.
22
Suppose 3*z - z + 64 = 2*l, -3*l - 5*z = -128. Suppose 0 = 6*c - 2*c - 68. Let x = c + 7. Calculate the greatest common factor of l and x.
12
Let z = 274 - 130. Let y(q) = q**2 - 7. Let s be y(-5). What is the highest common divisor of s and z?
18
Let w = -8 + 12. Suppose 4*x + 51 = -b - 2, -w*b - 56 = 3*x. Let a be (x/10)/((-8)/320). What is the greatest common factor of 120 and a?
24
Suppose -3*v + 7*v - 80 = 0. Suppose -x + 9 = 2*a, 2*x + 2*a - 5 = 9. Calculate the greatest common factor of x and v.
5
Suppose -5*v - 1700 = -5*q, -q - 4*v = 2*q - 1020. What is the greatest common divisor of q and 136?
68
Let r(x) = 2*x**2 - 2*x + 2. Let u be r(1). Suppose 0 = -u*v - v + 3. Calculate the greatest common divisor of v and 5.
1
Let t(g) = g**3 + 7*g**2 - 24*g - 7. Let k be t(-9). What is the highest common factor of k and 235?
47
Suppose -4*z + 78 = -2*i + 20, -2*z + 33 = 3*i. Suppose -11 = -3*q - p, -3*q - 2*p + 23 = -4*p. What is the greatest common divisor of z and q?
5
Let g = 5 - 8. Let z be 253 + -2 - g - (2 - 1). What is the greatest common factor of z and 23?
23
Let l be 60/5 - 81/(-9). Calculate the highest common factor of l and 567.
21
Let d be -1*8*(-4)/8. Let f be (-2)/d*(-13 + 75). Let b be -4 - -2*f/(-2). Calculate the highest common divisor of 162 and b.
27
Let x be (-110)/(-15)*3/(-1). Suppose 5*p = -4*n + 153, -5*n + 155 = -0*n - p. Let m = x + n. What is the highest common factor of 110 and m?
10
Let t = -196 - -373. Suppose -7*s - 23 + t = 0. Calculate the greatest common factor of 55 and s.
11
Suppose 1 - 19 = -2*c. Let j be (0 - 1)/(30/(-330))*18/2. Calculate the highest common divisor of j and c.
9
Let h = 84 + -41. Suppose 5*n - h = 22. What is the greatest common factor of n and 104?
13
Suppose 3*b = -o + 518, 876 = 5*o - 4*b - 1676. Calculate the highest common factor of 16 and o.
16
Let z = 345 - 318. What is the highest common factor of 621 and z?
27
Let m = 13 - 12. Let h be (-3 + m + -15)*9/(-3). Let k(g) = -4*g - 3. Let p be k(-5). What is the highest common factor of h and p?
17
Let s(p) = p + 9. Let g be s(11). Let r = g - 0. Suppose -o - 2*x + r = 2*o, -o = 5*x - 24. What is the highest common factor of 44 and o?
4
Let y = 11 + -6. Suppose 0 = 7*w + w. Let l = w + y. What is the greatest common factor of l and 15?
5
Let v be (-45)/(27/72*-4). What is the greatest common factor of v and 156?
6
Suppose -3*i - 5 = -14. Suppose 0 = i*p + 2*p - 5*a - 100, -28 = -p - 3*a. Calculate the highest common divisor of 154 and p.
22
Suppose 208 = -5*w + 6*c - 2*c, -211 = 5*w - 3*c. Let t = w + 47. Calculate the greatest common divisor of 1 and t.
1
Let t = -40 + 44. Suppose -5*h = 9 - t, 3*k - 2*h = 629. Calculate the greatest common factor of k and 19.
19
Let c be 7480/52 - (-6)/39. Let n = 481 - 465. Calculate the highest common divisor of c and n.
16
Let l(w) = w**3 + 7*w**2 + 4*w - 12. Let d be l(-5). Let f(y) = -2*y**2 + y**3 + 3*y + 2*y**2 - 2. Let k be f(2). What is the highest common divisor of k and d?
6
Suppose -3*i = -i - 88. Suppose 2*q = -0*q. Suppose -6*s + 280 + 116 = q. What is the highest common divisor of i and s?
22
Suppose 108 = 12*u - 12. Let h(t) = -t**2 + 4*t. Let p be h(3). Suppose -u = -p*r + 17. Calculate the greatest common divisor of 81 and r.
9
Let v be (1 - (-87)/(-15))/(2/(-100)). Suppose 5*j = 4*y + v, 2*j - y = -22 + 118. What is the highest common divisor of j and 16?
16
Suppose 0 = -9*y + 3516 - 762. Calculate the highest common factor of 34 and y.
34
Let h = 133 + -119. Calculate the highest common divisor of h and 126.
14
Let p = -402 - -895. What is the highest common factor of 29 and p?
29
Let f be 3 + (1048/12 - 4/(-6)). What is the highest common factor of 117 and f?
13
Let j be -2*(-2 - (0 + -1)). Suppose -5*t = -n + j*n - 155, -9 = -3*t. Suppose 4*g = 116 + n. What is the highest common factor of 96 and g?
32
Suppose 3*s = -0*y + 4*y + 94, 2*y - 4 = 0. Calculate the highest common divisor of s and 272.
34
Let t be (-8)/28 + 136/(-14). Let u(j) = 2*j + 31. Let d be u(t). Calculate the highest common factor of 77 and d.
11
Let n(o) = 8*o**2 - 5*o - 7. Let q be n(5). Let j(k) = k**2 + 12*k + 8. Let r be j(-13). Calculate the greatest common divisor of q and r.
21
Let q be 5/(105/(-6))*(-14 - 0). Suppose 0*w + 85 = 5*b - 5*w, -2*b + 40 = q*w. What is the highest common divisor of 6 and b?
6
Suppose -45 = -5*z - 4*i, 2*z = -0*z - 3*i + 25. Let d be (z/(-3))/(((-8)/(-36))/(-2)). What is the greatest common factor of d and 120?
15
Suppose -2*x + 1500 = 1176. What is the greatest common divisor of 288 and x?
18
Let b be (2 